ivisor of 20071270 and 23270.
1790
What is the greatest common factor of 148495662 and 9?
9
What is the greatest common factor of 88004574 and 444?
222
Calculate the greatest common factor of 1016892250 and 5500.
2750
Calculate the greatest common divisor of 944356666 and 88.
22
Calculate the greatest common divisor of 358 and 46420070.
358
Calculate the greatest common divisor of 2728 and 4302552.
248
What is the greatest common factor of 30896770 and 155?
155
What is the highest common divisor of 747747 and 5561?
83
What is the greatest common factor of 2006 and 630802?
34
Calculate the highest common divisor of 11859440 and 80.
80
Calculate the highest common factor of 12963002 and 130.
26
Calculate the highest common factor of 18480 and 7160890.
110
What is the greatest common divisor of 17437 and 91133?
329
Calculate the highest common factor of 10606416 and 526465.
1483
Calculate the highest common factor of 264 and 145433002.
22
What is the highest common divisor of 158829716 and 211635?
4703
Calculate the highest common divisor of 24806 and 1189108.
158
What is the greatest common divisor of 51 and 315166961?
17
What is the greatest common divisor of 7973 and 20644375?
1139
Calculate the greatest common factor of 101242503 and 458.
229
Calculate the highest common factor of 3320 and 25506564.
332
Calculate the highest common factor of 15565 and 355482809.
3113
What is the greatest common factor of 506890 and 100?
10
Calculate the highest common factor of 212828406 and 204.
102
What is the highest common factor of 56 and 12784555?
7
Calculate the highest common factor of 180 and 1130607405.
45
Calculate the greatest common divisor of 56977723 and 1137.
379
What is the highest common divisor of 550 and 3361325?
275
Calculate the greatest common factor of 2048 and 5446784.
128
Calculate the greatest common divisor of 12340240 and 10120.
440
What is the greatest common divisor of 180 and 21500040?
60
What is the greatest common factor of 10464 and 370080?
96
What is the greatest common factor of 724736 and 2016?
32
What is the greatest common factor of 54526 and 18358?
274
Calculate the greatest common divisor of 1128 and 2164452.
12
Calculate the highest common divisor of 976 and 33621736.
488
What is the greatest common factor of 16228622 and 190?
38
Calculate the highest common divisor of 40 and 8714152.
8
What is the highest common factor of 17987401 and 15425?
617
Calculate the highest common divisor of 92 and 235767572.
92
Calculate the greatest common divisor of 32396 and 328419.
91
What is the greatest common factor of 10494279 and 16768?
131
What is the highest common factor of 363209420 and 96264?
5348
What is the greatest common factor of 60150981 and 11?
11
Calculate the highest common divisor of 192685 and 1780.
445
What is the highest common factor of 16107 and 641277?
273
What is the highest common divisor of 78286310 and 10?
10
Calculate the highest common factor of 258 and 21926474.
86
What is the greatest common divisor of 1164124 and 104?
52
What is the greatest common factor of 293 and 567541?
293
What is the greatest common factor of 240589680 and 16?
16
Calculate the highest common factor of 373340355 and 30.
15
Calculate the greatest common factor of 518840 and 63784.
952
What is the highest common divisor of 529 and 1403529?
23
What is the greatest common divisor of 19299 and 1745181?
2757
Calculate the greatest common factor of 5362147 and 469.
7
What is the greatest common divisor of 214179643 and 111?
37
What is the highest common divisor of 2356 and 113820716?
2356
What is the highest common factor of 1272144 and 797232?
816
What is the greatest common factor of 56276704 and 5456?
176
What is the highest common factor of 39 and 5139716?
1
What is the highest common factor of 272 and 504208?
16
Calculate the highest common divisor of 9 and 65916999.
9
What is the highest common factor of 327 and 248856?
3
Calculate the highest common divisor of 122313 and 501.
3
What is the greatest common divisor of 235 and 16082413?
47
Calculate the highest common divisor of 55641180 and 231.
21
Calculate the greatest common divisor of 1742 and 6204736.
134
Calculate the highest common divisor of 4620 and 7845915.
1155
What is the highest common divisor of 930 and 617706?
186
What is the greatest common factor of 419280 and 2256?
48
What is the greatest common factor of 863 and 96922667?
863
What is the greatest common factor of 7114 and 547781557?
3557
Calculate the greatest common factor of 503463 and 718953.
1959
What is the highest common divisor of 13744701 and 1107?
27
What is the greatest common divisor of 262278260 and 4260?
1420
What is the highest common divisor of 6012 and 4684608?
36
Calculate the highest common factor of 6721248 and 18494.
2642
What is the greatest common factor of 39 and 5886999?
3
Calculate the greatest common factor of 205 and 563785.
5
What is the highest common factor of 13468136 and 24552?
2728
Calculate the highest common divisor of 44364 and 159492.
12
Calculate the highest common factor of 7830 and 128509875.
3915
Calculate the greatest common factor of 861388885 and 49.
49
What is the highest common divisor of 290372 and 61372?
916
What is the highest common factor of 3781 and 40267650?
3781
Calculate the greatest common divisor of 928 and 132385.
29
Calculate the highest common divisor of 43566396 and 8.
4
Calculate the greatest common factor of 442 and 841874.
34
What is the greatest common factor of 7581 and 453173?
7
What is the highest common divisor of 204384 and 31232?
32
Calculate the highest common factor of 342 and 12636630.
18
Calculate the highest common divisor of 6606312 and 192.
24
What is the highest common factor of 4508300 and 500?
100
Calculate the greatest common factor of 1081998 and 374112.
54
Calculate the greatest common factor of 28642518 and 36528.
4566
What is the highest common divisor of 233172 and 155052?
36
Calculate the greatest common divisor of 5200 and 4333200.
400
What is the highest common divisor of 1552751 and 7870?
787
What is the greatest common divisor of 2272 and 1302?
2
What is the highest common factor of 67044609 and 18855?
3771
What is the greatest common factor of 124 and 24295444?
124
What is the greatest common factor of 70048 and 89848?
88
What is the highest common factor of 754594038 and 330?
66
What is the highest common divisor of 206261105 and 785?
785
Calculate the greatest common factor of 12390511 and 812.
203
Calculate the greatest common divisor of 147 and 1221472.
49
Calculate the greatest common divisor of 3468 and 118082.
34
What is the greatest common factor of 14 and 512792252?
14
What is the highest common factor of 3564 and 66438306?
1782
What is the highest common divisor of 1863147 and 16236?
33
What is the highest common factor of 10098 and 576?
18
What is the highest common divisor of 18035930 and 99?
11
What is the greatest common factor of 1533214 and 21438?
794
Calculate the greatest common divisor of 2128 and 4568368.
112
What is the highest common factor of 14847 and 9727512?
303
Calculate the greatest common divisor of 73 and 7697193.
73
What is the greatest common factor of 10931 and 5780?
17
Calculate the greatest common factor of 1414937 and 529.
23
Calculate the highest common factor of 92418152 and 16.
8
Calculate the highest common divisor of 421504 and 60.
4
What is the highest common divisor of 41052 and 832236?
3732
What is the greatest common factor of 24852294 and 11850?
474
Calculate the highest common factor of 43861870 and 850.
170
What is the highest common divisor of 144414 and 193191?
213
What is the greatest common divisor of 79672 and 18998?
46
Calculate the greatest common factor of 48949712 and 5840.
1168
What is the greatest common divisor of 332208493 and 6262?
3131
Calculate the greatest common factor of 1298812 and 2684.
244
What is the highest common factor of 19 and 39550419?
19
Calculate the greatest common divisor of 11904 and 6228582.
186
What is the highest common factor of 34500 and 39468?
276
What is the highest common divisor of 16990197 and 105?
21
What is the greatest common divisor of 113770 and 44539120?
3670
What is the greatest common factor of 32095926 and 5832?
486
